{"id":339,"date":"2023-03-21T10:06:22","date_gmt":"2023-03-21T09:06:22","guid":{"rendered":"https:\/\/hufnagel-tueren.de\/?page_id=339"},"modified":"2026-01-05T11:13:17","modified_gmt":"2026-01-05T10:13:17","slug":"hufnagel-tueren-hauptseite","status":"publish","type":"page","link":"https:\/\/hufnagel-tueren.de\/","title":{"rendered":"Willkommen bei Hufnagel T\u00fcren"},"content":{"rendered":"<div class=\"wp-block-media-text alignwide is-stacked-on-mobile is-image-fill-element\" style=\"grid-template-columns:19% auto\"><figure class=\"wp-block-media-text__media\"><img loading=\"lazy\" decoding=\"async\" width=\"132\" height=\"163\" src=\"https:\/\/hufnagel-tueren.de\/wp-content\/uploads\/2023\/04\/fotolia_35068478-1.jpg\" alt=\"\" class=\"wp-image-785 size-full\" style=\"object-position:45% 23%\"\/><\/figure><div class=\"wp-block-media-text__content\"><p class=\"has-huge-font-size\"><strong>Bei uns wird Ihnen der T\u00fcrenkauf leicht gemacht<\/strong>.<\/p><\/div><\/div><div style=\"height:185px\" aria-hidden=\"true\" class=\"wp-block-spacer\"><\/div><h2 class=\"wp-block-heading has-huge-font-size\">Was wir Ihnen bieten:<\/h2><div class=\"wp-block-media-text alignwide is-stacked-on-mobile\"><figure class=\"wp-block-media-text__media\"><\/figure><div class=\"wp-block-media-text__content\"><h3 class=\"wp-block-heading\">Gro\u00dfe Auswahl<\/h3>\n\n<h3 class=\"wp-block-heading\">Wir bieten Ihnen eine gro\u00dfe Auswahl an Innent\u00fcren in folgenden Oberfl\u00e4chen:<br>CPL<br>Durat<br>Echtholz furniert<br>Wei\u00dflack im modernen Stil oder eher klassisch<br>Bei uns ist f\u00fcr jeden was dabei.<\/h3><\/div><\/div><div class=\"wp-block-media-text alignwide is-stacked-on-mobile\"><figure class=\"wp-block-media-text__media\"><\/figure><div class=\"wp-block-media-text__content\"><h3 class=\"wp-block-heading\">Kompetente Beratung<\/h3>\n\n<h3 class=\"wp-block-heading\">Besuchen Sie uns gerne w\u00e4hrend unserer \u00d6ffnungszeiten und lassen Sie sich in einer der gr\u00f6\u00dften T\u00fcrenausstellungen Deutschlands von unserem erfahrenen Team beraten.<\/h3><\/div><\/div><div class=\"wp-block-media-text alignwide is-stacked-on-mobile\"><figure class=\"wp-block-media-text__media\"><\/figure><div class=\"wp-block-media-text__content\"><p><h3>Beste Preise<\/h3><h3>Bei uns bekommen Sie immer beste Qualit\u00e4t zu besten Preisen. In der Regel sind unsere Angebote deutlich g\u00fcnstiger als die unserer Wettbewerber und das selbst mit Rabatten.<\/h3> <\/p><\/div><\/div><div class=\"wp-block-media-text alignwide is-stacked-on-mobile\"><figure class=\"wp-block-media-text__media\"><\/figure><div class=\"wp-block-media-text__content\"><p><h3>T\u00fcr und Montage aus einer Hand<\/h3><h3>Gerne bieten wir Ihnen neben Ihren T\u00fcren auch eine kompetente Montage durch unsere eigenen Monteure an.<\/h3> <\/p><\/div><\/div><div class=\"wp-block-media-text alignwide is-stacked-on-mobile\"><figure class=\"wp-block-media-text__media\"><\/figure><div class=\"wp-block-media-text__content\"><h3 class=\"wp-block-heading\">Flexible Liefermodalit\u00e4ten<\/h3>\n\n<h3 class=\"wp-block-heading\">Gerne liefern wir Ihnen ihre T\u00fcren direkt nach Hause oder Sie holen sie ab. Bei uns haben Sie die Wahl.<\/h3><\/div><\/div><div class=\"wp-block-media-text alignwide is-stacked-on-mobile\"><figure class=\"wp-block-media-text__media\"><\/figure><div class=\"wp-block-media-text__content\"><h3 class=\"wp-block-heading\">Qualit\u00e4t made in Germany<\/h3>\n\n<h3 class=\"wp-block-heading\">Alle unsere T\u00fcrbl\u00e4tter und Zargen werden alle in Deutschland hergestellt<\/h3><\/div><\/div><figure class=\"wp-block-embed\"><div class=\"wp-block-embed__wrapper\">\nhttps:\/\/www.google.de\/maps\/place\/Sch%C3%B6nbr%C3%BCckstra%C3%9Fe+12A,+67376+Harthausen\/@49.2951093,8.3426792,61m\/data=!3m1!1e3!4m6!3m5!1s0x4797b369d0ae3023:0x7696d346ede9024!8m2!3d49.2954433!4d8.3424367!16s%2Fg%2F11c12ph42t\n<\/div><\/figure><p><\/p>","protected":false},"excerpt":{"rendered":"<p>Bei uns wird Ihnen der T\u00fcrenkauf leicht gemacht. Was wir Ihnen bieten: Gro\u00dfe Auswahl Wir bieten Ihnen eine gro\u00dfe Auswahl an Innent\u00fcren in folgenden Oberfl\u00e4chen:CPLDuratEchtholz furniertWei\u00dflack im modernen Stil oder eher klassischBei uns ist f\u00fcr jeden was dabei. Kompetente Beratung Besuchen Sie uns gerne w\u00e4hrend unserer \u00d6ffnungszeiten und lassen Sie sich in einer der gr\u00f6\u00dften&hellip; <a class=\"more-link\" href=\"https:\/\/hufnagel-tueren.de\/\"><span class=\"screen-reader-text\">Willkommen bei Hufnagel T\u00fcren<\/span> weiterlesen<\/a><\/p>\n","protected":false},"author":1,"featured_media":0,"parent":0,"menu_order":0,"comment_status":"closed","ping_status":"closed","template":"","meta":{"footnotes":""},"class_list":["post-339","page","type-page","status-publish","hentry","entry"],"_links":{"self":[{"href":"https:\/\/hufnagel-tueren.de\/index.php?rest_route=\/wp\/v2\/pages\/339","targetHints":{"allow":["GET"]}}],"collection":[{"href":"https:\/\/hufnagel-tueren.de\/index.php?rest_route=\/wp\/v2\/pages"}],"about":[{"href":"https:\/\/hufnagel-tueren.de\/index.php?rest_route=\/wp\/v2\/types\/page"}],"author":[{"embeddable":true,"href":"https:\/\/hufnagel-tueren.de\/index.php?rest_route=\/wp\/v2\/users\/1"}],"replies":[{"embeddable":true,"href":"https:\/\/hufnagel-tueren.de\/index.php?rest_route=%2Fwp%2Fv2%2Fcomments&post=339"}],"version-history":[{"count":58,"href":"https:\/\/hufnagel-tueren.de\/index.php?rest_route=\/wp\/v2\/pages\/339\/revisions"}],"predecessor-version":[{"id":1547,"href":"https:\/\/hufnagel-tueren.de\/index.php?rest_route=\/wp\/v2\/pages\/339\/revisions\/1547"}],"wp:attachment":[{"href":"https:\/\/hufnagel-tueren.de\/index.php?rest_route=%2Fwp%2Fv2%2Fmedia&parent=339"}],"curies":[{"name":"wp","href":"https:\/\/api.w.org\/{rel}","templated":true}]}}